{"id":8,"date":"2020-02-10T11:07:57","date_gmt":"2020-02-10T10:07:57","guid":{"rendered":"https:\/\/www.jugendschutz-niedersachsen.de\/sexges\/?page_id=8"},"modified":"2025-06-06T09:56:36","modified_gmt":"2025-06-06T07:56:36","slug":"weitere-informationen-und-links-fuer-paedagogische-fachkraefte","status":"publish","type":"page","link":"https:\/\/www.jugendschutz-niedersachsen.de\/sexuelle-gesundheit\/geschlechtsidentitaet-und-vielfalt\/weitere-informationen-und-links-fuer-paedagogische-fachkraefte\/","title":{"rendered":"Weitere Informationen und Links f\u00fcr p\u00e4dagogische Fachkr\u00e4fte"},"content":{"rendered":"<p>[et_pb_section fb_built=&#8220;1&#8243; fullwidth=&#8220;on&#8220; _builder_version=&#8220;4.16&#8243; background_enable_color=&#8220;off&#8220; global_colors_info=&#8220;{}&#8220;][et_pb_fullwidth_header title=&#8220;Geschlechtsidentit\u00e4t und Vielfalt&#8220; subhead=&#8220;Weitere Informationen und Links f\u00fcr p\u00e4dagogische Fachkr\u00e4fte&#8220; _builder_version=&#8220;4.16&#8243; title_font=&#8220;||||||||&#8220; subhead_font=&#8220;|600|||||||&#8220; subhead_text_color=&#8220;rgba(255,255,255,0.7)&#8220; background_color=&#8220;#009fe3&#8243; custom_margin=&#8220;||||false|false&#8220; custom_padding=&#8220;20px||20px||false|false&#8220; global_colors_info=&#8220;{}&#8220;][\/et_pb_fullwidth_header][\/et_pb_section][et_pb_section fb_built=&#8220;1&#8243; _builder_version=&#8220;4.16&#8243; background_color=&#8220;rgba(0,159,227,0.2)&#8220; global_colors_info=&#8220;{}&#8220;][et_pb_row column_structure=&#8220;1_4,3_4&#8243; make_equal=&#8220;on&#8220; _builder_version=&#8220;4.16&#8243; background_size=&#8220;initial&#8220; background_position=&#8220;top_left&#8220; background_repeat=&#8220;repeat&#8220; global_colors_info=&#8220;{}&#8220;][et_pb_column type=&#8220;1_4&#8243; _builder_version=&#8220;4.16&#8243; custom_padding=&#8220;|||&#8220; global_colors_info=&#8220;{}&#8220; custom_padding__hover=&#8220;|||&#8220;][et_pb_blurb title=&#8220;Links&#8220; use_icon=&#8220;on&#8220; font_icon=&#8220;&#xe60c;||divi||400&#8243; icon_color=&#8220;#009fe3&#8243; image_icon_width=&#8220;40px&#8220; admin_label=&#8220;Links&#8220; _builder_version=&#8220;4.16&#8243; header_text_color=&#8220;#009fe3&#8243; header_font_size=&#8220;26px&#8220; custom_margin=&#8220;25px||||false|false&#8220; icon_font_size=&#8220;40px&#8220; global_colors_info=&#8220;{}&#8220;]<\/p>\n<p>Empfohlene Webseiten<\/p>\n<p>[\/et_pb_blurb][\/et_pb_column][et_pb_column type=&#8220;3_4&#8243; _builder_version=&#8220;4.16&#8243; custom_padding=&#8220;|||&#8220; global_colors_info=&#8220;{}&#8220; custom_padding__hover=&#8220;|||&#8220;][et_pb_text admin_label=&#8220;Methoden, Materialien, Weiterbildung&#8220; _builder_version=&#8220;4.25.1&#8243; background_color=&#8220;#ffffff&#8220; background_size=&#8220;initial&#8220; background_position=&#8220;top_left&#8220; background_repeat=&#8220;repeat&#8220; custom_margin=&#8220;25px|25px|25px|25px|false|false&#8220; custom_padding=&#8220;25px|25px|25px|25px|false|false&#8220; hover_enabled=&#8220;0&#8243; border_radii=&#8220;on|8px|8px|8px|8px&#8220; border_color_all=&#8220;#12a19a&#8220; global_colors_info=&#8220;{}&#8220; sticky_enabled=&#8220;0&#8243;]<\/p>\n<h3>Methoden | Materialien | Weiterbildung<\/h3>\n<ul>\n<li><strong><a href=\"https:\/\/www.ljr.de\/produkt\/jugendarbeit-im-queerschnitt\/\" target=\"_blank\" rel=\"noopener noreferrer\">Landesjugendring Niedersachsen: Praxisbuch Queere Vielfalt.<\/a><\/strong><br \/>Praxishandbuch mit Reflexionen und Methoden f\u00fcr die praktische Arbeit in Vereinen und der offenen Jugendarbeit zu sexueller und geschlechtlicher Vielfalt<\/li>\n<li><a href=\"https:\/\/www.regenbogenportal.de\/\" target=\"_blank\" rel=\"noopener noreferrer\"><strong>Regenbogenportal<\/strong><\/a><br \/>Informationsportal der Bundesregierung mit Anlaufstellen, Materialien und Informationen zum Thema sexueller und geschlechtlicher Vielfalt f\u00fcr Eltern, Lehrer*innen und Fachkr\u00e4fte<\/li>\n<li><a href=\"https:\/\/www.miteinander-staerken.de\/wp-content\/uploads\/2020\/01\/2019_12_20-lsvd-dokumentation-regenbogenparlament-hamburg-2019.pdf\" target=\"_blank\" rel=\"noopener noreferrer\"><strong>Lesben- und Schwulenverband Deutschland: Dokumentation des 3. Regenbogenparlaments zu Queer in der Jugendarbeit<\/strong><\/a><br \/>Visualisierte Dokumentation von Expertisen und Diskussionen<\/li>\n<li><a href=\"http:\/\/www.bzga.de\/infomaterialien\/sexualaufklaerung\/?ab=20\" target=\"_blank\" rel=\"noopener noreferrer\"><strong>Bundeszentrale f\u00fcr gesundheitliche Aufkl\u00e4rung u.a.: \u201aHeterosexuell? Homosexuell?\u2018<\/strong><\/a><br \/>Brosch\u00fcre. Sexualaufkl\u00e4rung f\u00fcr schwule Jugendliche; Kampagnen zum Thema Akzeptanz und Vielfalt<\/li>\n<li><a href=\"http:\/\/www.dji.de\/coming_out\" target=\"_blank\" rel=\"noopener noreferrer\"><strong>Deutsches Jugendinstitut: \u201aComing-out \u2013 und dann\u2026?!\u2018<\/strong> <\/a><br \/>Brosch\u00fcre. Kostenfreies pdf mit grundlegenden Informationen zur Lebenssituation LGBTQ* Jugendlicher<\/li>\n<li><strong><a href=\"https:\/\/www.bpb.de\/shop\/buecher\/schriftenreihe\/269327\/coming-out-und-dann-\" target=\"_blank\" rel=\"noopener noreferrer\">Deutsches Jugendinstitut: \u201aComing-out \u2013 und dann\u2026?!\u2018<\/a><\/strong><br \/>Buch. Beziehbar \u00fcber die Bundeszentrale f\u00fcr politische Bildung. Weiterf\u00fchrende Informationen zur Lebenssituation LGBTQ* Jugendlicher.<\/li>\n<li><a href=\"https:\/\/www.dji.de\/fileadmin\/user_upload\/queere_freizeit\/DJI_QueereFreizeit.pdf\" target=\"_blank\" rel=\"noopener noreferrer\"><strong>Deutsches Jugendinstitut:\u00a0 \u201aQueere Freizeit\u2018<\/strong> <\/a><br \/>Brosch\u00fcre. Kostenfreies pdf mit Informationen zu Inklusions- und Exklusionserfahrungen von queeren Jugendlichen in Freizeit und Sport<\/li>\n<li><a href=\"https:\/\/gender-glossar.de\/\" target=\"_blank\" rel=\"noopener noreferrer\"><strong>Gender Glossar der Uni Leipzig<\/strong><\/a><br \/>wissenschaftlicher Glossar zu historischen und theoretischen Aspekten von Geschlecht und Sexualit\u00e4t<\/li>\n<li><a href=\"https:\/\/www.youtube.com\/queerblick\" target=\"_blank\" rel=\"noopener noreferrer\"><strong>Queerblick e.V.: Medienprojekt von und f\u00fcr queere Jugendliche mit zahlreichen pr\u00e4mierten Kurzfilmen<\/strong><\/a><\/li>\n<li><a href=\"http:\/\/queerhistory.de\/\" target=\"_blank\" rel=\"noopener noreferrer\"><strong>Queerhistory<\/strong><\/a><br \/>Informationsportal zu queerer Geschichte des Archivs der Jugendkulturen<\/li>\n<\/ul>\n<h3>Institutionen<\/h3>\n<ul>\n<li><a href=\"https:\/\/www.comingout.de\/\" target=\"_blank\" rel=\"noopener noreferrer\"><strong>Lesbischwules Jugendnetzwerk lambda e.V. | In&amp;Out Jugendberatung<\/strong><\/a><br \/>Online, peer-to-peer Beratungsangebot f\u00fcr LGBTQ* Jugendliche zu allen Themen rund um Geschlecht und Sexualit\u00e4t<\/li>\n<li><a href=\"http:\/\/www.meingeschlecht.de\/\" target=\"_blank\" rel=\"noopener noreferrer\"><strong>meingeschlecht<\/strong><\/a><br \/>TransInterQueer e.V. &#8211; Infoseite f\u00fcr junge trans*, inter* und genderqueere Menschen<\/li>\n<li><a href=\"https:\/\/q-nn.de\/\" target=\"_blank\" rel=\"noopener noreferrer\"><strong>Queeres Netzwerk Niedersachsen e.V.<\/strong><\/a><br \/>Netzwerk queerer Gruppen und Zentren in Niedersachsen mit Auflistung lokaler Ansprechgruppen<\/li>\n<li><a href=\"https:\/\/schlau-nds.de\/\" target=\"_blank\" rel=\"noopener noreferrer\"><strong>SCHLAU Niedersachsen e.V. | Schwul-lesbische Aufkl\u00e4rung im Unterricht<\/strong><\/a><br \/>Bildungsangebot f\u00fcr Schulklassen und Jugendgruppen an zahlreichen Standorten in Niedersachsen<\/li>\n<li><a href=\"https:\/\/www.queerunity.de\/\" target=\"_blank\" rel=\"noopener noreferrer\"><strong>Queerunity | Andersraum e.V.<\/strong><\/a><br \/>Queeres Jugendzentren in Hannover<\/li>\n<li><a href=\"https:\/\/www.queerejugend-nds.de\/\" target=\"_blank\" rel=\"noopener noreferrer\"><strong>Queeres Netzwerk Niedersachsen e.V. | Queere Jugend Niedersachsen<\/strong><\/a><br \/>Netzwerk aller LSBTQ* Jugendangebote in Niedersachsen mit Auflistung von Jugendgruppen<\/li>\n<\/ul>\n<p>[\/et_pb_text][\/et_pb_column][\/et_pb_row][\/et_pb_section][et_pb_section fb_built=&#8220;1&#8243; admin_label=&#8220;last&#8220; _builder_version=&#8220;4.16&#8243; background_color=&#8220;#009fe3&#8243; global_colors_info=&#8220;{}&#8220;][et_pb_row column_structure=&#8220;3_5,2_5&#8243; _builder_version=&#8220;4.16&#8243; background_enable_color=&#8220;off&#8220; background_size=&#8220;initial&#8220; background_position=&#8220;top_left&#8220; background_repeat=&#8220;repeat&#8220; width_tablet=&#8220;&#8220; width_phone=&#8220;&#8220; width_last_edited=&#8220;on|desktop&#8220; global_colors_info=&#8220;{}&#8220;][et_pb_column type=&#8220;3_5&#8243; _builder_version=&#8220;4.16&#8243; custom_padding=&#8220;|||&#8220; global_colors_info=&#8220;{}&#8220; custom_padding__hover=&#8220;|||&#8220;][et_pb_button button_url=&#8220;https:\/\/www.jugendschutz-niedersachsen.de\/sexuelle-gesundheit\/geschlechtsidentitaet-und-vielfalt\/&#8220; button_text=&#8220;Geschlechtsidentit\u00e4t und Vielfalt&#8220; button_alignment=&#8220;center&#8220; _builder_version=&#8220;4.16&#8243; custom_margin=&#8220;|2%|||false|false&#8220; global_colors_info=&#8220;{}&#8220;][\/et_pb_button][et_pb_button button_url=&#8220;https:\/\/www.jugendschutz-niedersachsen.de\/sexuelle-gesundheit\/geschlechtsidentitaet-und-vielfalt\/glossar\/&#8220; button_text=&#8220;Glossar&#8220; button_alignment=&#8220;center&#8220; _builder_version=&#8220;4.16&#8243; custom_margin=&#8220;|2%|||false|false&#8220; global_colors_info=&#8220;{}&#8220;][\/et_pb_button][\/et_pb_column][et_pb_column type=&#8220;2_5&#8243; _builder_version=&#8220;4.16&#8243; custom_padding=&#8220;|||&#8220; global_colors_info=&#8220;{}&#8220; custom_padding__hover=&#8220;|||&#8220;][et_pb_team_member name=&#8220;Folke Brodersen, Claudia Krell&#8220; position=&#8220;Die Autor*innen&#8220; image_url=&#8220;https:\/\/www.jugendschutz-niedersachsen.de\/sexges\/wp-content\/uploads\/sites\/12\/2020\/05\/folke_brodersen-claudia_krell.jpg&#8220; _builder_version=&#8220;4.16&#8243; header_text_color=&#8220;rgba(255,255,255,0.75)&#8220; header_font_size=&#8220;23px&#8220; body_font_size=&#8220;15px&#8220; body_line_height=&#8220;1.1em&#8220; position_font=&#8220;Roboto Condensed|600|||||||&#8220; position_text_color=&#8220;#ffffff&#8220; position_font_size=&#8220;17px&#8220; position_line_height=&#8220;1.2em&#8220; background_layout=&#8220;dark&#8220; module_alignment=&#8220;left&#8220; custom_margin=&#8220;|||2%|false|false&#8220; border_color_all=&#8220;#000000&#8243; border_radii_image=&#8220;on|50%|50%|50%|50%&#8220; border_width_all_image=&#8220;1px&#8220; border_color_all_image=&#8220;#000000&#8243; global_colors_info=&#8220;{}&#8220;]<\/p>\n<p><a href=\"https:\/\/www.dji.de\/\" target=\"_blank\" rel=\"noopener noreferrer\"><img loading=\"lazy\" decoding=\"async\" class=\"alignleft wp-image-973\" src=\"https:\/\/www.jugendschutz-niedersachsen.de\/sexges\/wp-content\/uploads\/sites\/12\/2020\/05\/dij_logo-300x120.png\" alt=\"\" width=\"150\" height=\"60\" srcset=\"https:\/\/www.jugendschutz-niedersachsen.de\/sexuelle-gesundheit\/wp-content\/uploads\/sites\/12\/2020\/05\/dij_logo-300x120.png 300w, https:\/\/www.jugendschutz-niedersachsen.de\/sexuelle-gesundheit\/wp-content\/uploads\/sites\/12\/2020\/05\/dij_logo.png 479w\" sizes=\"(max-width: 150px) 100vw, 150px\" \/><\/a><\/p>\n<p>&nbsp;<\/p>\n<p>&nbsp;<\/p>\n<p>[\/et_pb_team_member][\/et_pb_column][\/et_pb_row][\/et_pb_section]<\/p>\n","protected":false},"excerpt":{"rendered":"<p>Jugendschutz &#038; sexuelle Gesundheit: Methoden | Materialien | Weiterbildung | Institutionen<\/p>\n","protected":false},"author":1,"featured_media":347,"parent":6,"menu_order":0,"comment_status":"closed","ping_status":"closed","template":"","meta":{"_et_pb_use_builder":"on","_et_pb_old_content":"<h3>Thema Geschlechtsidentit\u00e4t und Vielfalt<\/h3><p>\u00a0<\/p>","_et_gb_content_width":"","footnotes":""},"class_list":["post-8","page","type-page","status-publish","has-post-thumbnail","hentry"],"_links":{"self":[{"href":"https:\/\/www.jugendschutz-niedersachsen.de\/sexuelle-gesundheit\/wp-json\/wp\/v2\/pages\/8","targetHints":{"allow":["GET"]}}],"collection":[{"href":"https:\/\/www.jugendschutz-niedersachsen.de\/sexuelle-gesundheit\/wp-json\/wp\/v2\/pages"}],"about":[{"href":"https:\/\/www.jugendschutz-niedersachsen.de\/sexuelle-gesundheit\/wp-json\/wp\/v2\/types\/page"}],"author":[{"embeddable":true,"href":"https:\/\/www.jugendschutz-niedersachsen.de\/sexuelle-gesundheit\/wp-json\/wp\/v2\/users\/1"}],"replies":[{"embeddable":true,"href":"https:\/\/www.jugendschutz-niedersachsen.de\/sexuelle-gesundheit\/wp-json\/wp\/v2\/comments?post=8"}],"version-history":[{"count":28,"href":"https:\/\/www.jugendschutz-niedersachsen.de\/sexuelle-gesundheit\/wp-json\/wp\/v2\/pages\/8\/revisions"}],"predecessor-version":[{"id":1305,"href":"https:\/\/www.jugendschutz-niedersachsen.de\/sexuelle-gesundheit\/wp-json\/wp\/v2\/pages\/8\/revisions\/1305"}],"up":[{"embeddable":true,"href":"https:\/\/www.jugendschutz-niedersachsen.de\/sexuelle-gesundheit\/wp-json\/wp\/v2\/pages\/6"}],"wp:featuredmedia":[{"embeddable":true,"href":"https:\/\/www.jugendschutz-niedersachsen.de\/sexuelle-gesundheit\/wp-json\/wp\/v2\/media\/347"}],"wp:attachment":[{"href":"https:\/\/www.jugendschutz-niedersachsen.de\/sexuelle-gesundheit\/wp-json\/wp\/v2\/media?parent=8"}],"curies":[{"name":"wp","href":"https:\/\/api.w.org\/{rel}","templated":true}]}}