{"id":13,"date":"2020-02-10T11:09:55","date_gmt":"2020-02-10T10:09:55","guid":{"rendered":"https:\/\/www.jugendschutz-niedersachsen.de\/sexges\/?page_id=13"},"modified":"2025-06-06T10:00:26","modified_gmt":"2025-06-06T08:00:26","slug":"weitere-informationen-und-links-fuer-paedagogische-fachkraefte","status":"publish","type":"page","link":"https:\/\/www.jugendschutz-niedersachsen.de\/sexuelle-gesundheit\/sti-hiv-aids\/weitere-informationen-und-links-fuer-paedagogische-fachkraefte\/","title":{"rendered":"Weitere Informationen und Links f\u00fcr p\u00e4dagogische Fachkr\u00e4fte"},"content":{"rendered":"<p>[et_pb_section fb_built=&#8220;1&#8243; fullwidth=&#8220;on&#8220; _builder_version=&#8220;4.16&#8243; global_colors_info=&#8220;{}&#8220;][et_pb_fullwidth_header title=&#8220;HIV und andere STI&#8220; subhead=&#8220;Weitere Informationen und Links f\u00fcr p\u00e4dagogische Fachkr\u00e4fte&#8220; _builder_version=&#8220;4.16&#8243; title_font=&#8220;||||||||&#8220; subhead_font=&#8220;|600|||||||&#8220; subhead_text_color=&#8220;rgba(255,255,255,0.7)&#8220; background_color=&#8220;#3aaa35&#8243; custom_margin=&#8220;||||false|false&#8220; custom_padding=&#8220;15px||15px||false|false&#8220; global_colors_info=&#8220;{}&#8220;][\/et_pb_fullwidth_header][\/et_pb_section][et_pb_section fb_built=&#8220;1&#8243; _builder_version=&#8220;4.16&#8243; background_color=&#8220;rgba(58,170,53,0.08)&#8220; global_colors_info=&#8220;{}&#8220;][et_pb_row column_structure=&#8220;1_4,3_4&#8243; make_equal=&#8220;on&#8220; _builder_version=&#8220;4.16&#8243; background_size=&#8220;initial&#8220; background_position=&#8220;top_left&#8220; background_repeat=&#8220;repeat&#8220; global_colors_info=&#8220;{}&#8220;][et_pb_column type=&#8220;1_4&#8243; _builder_version=&#8220;4.16&#8243; custom_padding=&#8220;|||&#8220; global_colors_info=&#8220;{}&#8220; custom_padding__hover=&#8220;|||&#8220;][et_pb_blurb title=&#8220;Weitere Links&#8220; use_icon=&#8220;on&#8220; font_icon=&#8220;&#xe60c;||divi||400&#8243; icon_color=&#8220;#3aaa35&#8243; image_icon_width=&#8220;40px&#8220; admin_label=&#8220;Links&#8220; _builder_version=&#8220;4.16&#8243; header_text_color=&#8220;#3aaa35&#8243; header_font_size=&#8220;26px&#8220; custom_margin=&#8220;25px||||false|false&#8220; icon_font_size=&#8220;40px&#8220; global_colors_info=&#8220;{}&#8220;]<\/p>\n<p>Empfohlene Webseiten<\/p>\n<p>[\/et_pb_blurb][\/et_pb_column][et_pb_column type=&#8220;3_4&#8243; _builder_version=&#8220;4.16&#8243; custom_padding=&#8220;|||&#8220; global_colors_info=&#8220;{}&#8220; custom_padding__hover=&#8220;|||&#8220;][et_pb_text admin_label=&#8220;Methoden, Materialien, Weiterbildung&#8220; _builder_version=&#8220;4.25.1&#8243; background_color=&#8220;#ffffff&#8220; background_size=&#8220;initial&#8220; background_position=&#8220;top_left&#8220; background_repeat=&#8220;repeat&#8220; custom_margin=&#8220;25px|25px|25px|25px|false|false&#8220; custom_padding=&#8220;25px|25px|25px|25px|false|false&#8220; hover_enabled=&#8220;0&#8243; border_radii=&#8220;on|8px|8px|8px|8px&#8220; border_color_all=&#8220;#12a19a&#8220; global_colors_info=&#8220;{}&#8220; sticky_enabled=&#8220;0&#8243;]<\/p>\n<h3>Methoden | Materialien | Weiterbildung<\/h3>\n<ul>\n<li><a href=\"https:\/\/www.bioeg.de\/\" target=\"_blank\" rel=\"noopener\"><strong>Bundesinstitut f\u00fcr \u00f6ffentliche Gesundheit (BI\u00d6G)<\/strong><\/a><br \/>Forschung, Informationen und Materialien f\u00fcr verschiedene Zielgruppen<\/li>\n<li><a href=\"https:\/\/www.liebesleben.de\/\" target=\"_blank\" rel=\"noopener noreferrer\"><strong>Liebesleben<\/strong><\/a><br \/>Kampagne der Bundeszentrale f\u00fcr gesundheitliche Aufkl\u00e4rung (BZgA) zur Pr\u00e4vention von HIV und anderen sexuell \u00fcbertragbaren Infektionen (STI)<\/li>\n<li><a href=\"https:\/\/www.aidshilfe.de\/\" target=\"_blank\" rel=\"noopener noreferrer\"><strong>Deutsche AIDS-Hilfe<\/strong><\/a><br \/>Dachverband von rund 130 Einrichtungen. Interessenvertretung von Menschen mit HIV sowie Aufkl\u00e4rung \u00fcber HIV und STI.<\/li>\n<li><a href=\"https:\/\/www.profamilia.de\/\" target=\"_blank\" rel=\"noopener noreferrer\"><strong>Pro Familia<\/strong><\/a><br \/>Deutsche Gesellschaft f\u00fcr Familienplanung, Sexualp\u00e4dagogik und Sexualberatung e.V.<br \/>Beratung, Aufkl\u00e4rung, Fortbildung und Materialien f\u00fcr verschiedene Zielgruppen<\/li>\n<li><a href=\"https:\/\/schlau-nds.de\/\" target=\"_blank\" rel=\"noopener noreferrer\"><strong>SCHLAU Niedersachsen e.V.<\/strong><\/a><br \/>Schwul-lesbische Aufkl\u00e4rung im Unterricht<br \/>Bildungsangebot f\u00fcr Schulklassen und Jugendgruppen an zahlreichen Standorten in Niedersachsen<\/li>\n<li><a href=\"https:\/\/www.niedersachsen.aidshilfe.de\/de\" target=\"_blank\" rel=\"noopener noreferrer\"><strong>Aidshilfe Niedersachsen<\/strong><\/a><br \/>Beratung und Aufkl\u00e4rung zu HIV und STI<\/li>\n<li><a href=\"https:\/\/schule.loveline.de\/\" target=\"_blank\" rel=\"noopener noreferrer\"><strong>schule.loveline.de<\/strong><\/a><br \/>Website der BZgA (Bundeszentrale f\u00fcr gesundheitliche Aufkl\u00e4rung) mit umfangreichen Informationen, aktuellen Erkenntnissen aus Wissenschaft und Praxis sowie Materialien und Methoden zur f\u00e4cher\u00fcbergreifenden Sexualaufkl\u00e4rung<\/li>\n<\/ul>\n<p>&nbsp;<\/p>\n<p>[\/et_pb_text][\/et_pb_column][\/et_pb_row][\/et_pb_section][et_pb_section fb_built=&#8220;1&#8243; _builder_version=&#8220;4.16&#8243; background_color=&#8220;rgba(58,170,53,0.13)&#8220; global_colors_info=&#8220;{}&#8220;][et_pb_row column_structure=&#8220;1_4,3_4&#8243; admin_label=&#8220;Aktuelle Forschung&#8220; _builder_version=&#8220;4.16&#8243; global_colors_info=&#8220;{}&#8220;][et_pb_column type=&#8220;1_4&#8243; _builder_version=&#8220;4.16&#8243; global_colors_info=&#8220;{}&#8220;][et_pb_blurb title=&#8220;Aktuelle Forschung&#8220; use_icon=&#8220;on&#8220; font_icon=&#8220;&#xe0e9;||divi||400&#8243; icon_color=&#8220;#3aaa35&#8243; image_icon_width=&#8220;40px&#8220; admin_label=&#8220;Aktuelle Forschung&#8220; _builder_version=&#8220;4.16&#8243; header_text_color=&#8220;#3aaa35&#8243; header_font_size=&#8220;26px&#8220; custom_margin=&#8220;25px||||false|false&#8220; icon_font_size=&#8220;40px&#8220; global_colors_info=&#8220;{}&#8220;]<\/p>\n<p>Zahlen, Daten, Fakten<\/p>\n<p>[\/et_pb_blurb][\/et_pb_column][et_pb_column type=&#8220;3_4&#8243; _builder_version=&#8220;4.16&#8243; global_colors_info=&#8220;{}&#8220;][et_pb_text admin_label=&#8220;Aktuelle Forschung&#8220; _builder_version=&#8220;4.25.1&#8243; background_color=&#8220;#ffffff&#8220; background_size=&#8220;initial&#8220; background_position=&#8220;top_left&#8220; background_repeat=&#8220;repeat&#8220; custom_margin=&#8220;25px|25px|25px|25px|false|false&#8220; custom_padding=&#8220;25px|25px|25px|25px|false|false&#8220; hover_enabled=&#8220;0&#8243; border_radii=&#8220;on|8px|8px|8px|8px&#8220; border_color_all=&#8220;#12a19a&#8220; global_colors_info=&#8220;{}&#8220; sticky_enabled=&#8220;0&#8243;]<\/p>\n<h3>Aktuelle Forschung<\/h3>\n<ul>\n<li><a href=\"https:\/\/www.dstig.de\/\" target=\"_blank\" rel=\"noopener noreferrer\"><strong>Deutsche STI-Gesellschaft<\/strong><\/a><br \/>Gesellschaft zur F\u00f6rderung der Sexuellen Gesundheit<br \/>Informationen \u00fcber Forschung, Aufkl\u00e4rung und Fortbildung<\/li>\n<li><a href=\"https:\/\/www.rki.de\/\" target=\"_blank\" rel=\"noopener noreferrer\"><strong>Robert Koch-Institut<\/strong><\/a><br \/>Zentrale Forschungseinrichtung zu Infektionskrankheiten<\/li>\n<li><a href=\"https:\/\/www.unaids.org\/\" target=\"_blank\" rel=\"noopener noreferrer\"><strong>UNAIDS<\/strong><\/a><br \/>Gemeinsames Programm der Vereinten Nationen mit dem Ziel der Koordination der verschiedenen L\u00e4nder im Kampf gegen HIV\/Aids<\/li>\n<li><a href=\"https:\/\/www.cdc.gov\/\" target=\"_blank\" rel=\"noopener noreferrer\"><strong>CDC<\/strong> <\/a>(Centers for Disease Control and Prevention)<br \/>US-amerikanische Beh\u00f6rde zum Schutz der \u00f6ffentlichen Gesundheit &#8211; vor allem mit dem Fokus auf Infektionskrankheiten<\/li>\n<li><a href=\"https:\/\/www.avert.org\/\" target=\"_blank\" rel=\"noopener noreferrer\"><strong>AVERT<\/strong><\/a><br \/>NGO, die Fakten und wissenschaftliche Informationen rund um HIV und Aids zusammentr\u00e4gt<\/li>\n<li><a href=\"https:\/\/www.ecdc.europa.eu\/en\/hiv-infection-and-aids\" target=\"_blank\" rel=\"noopener noreferrer\"><strong>ECDC <\/strong><\/a>(European Centers for Disease Control and Prevention)<br \/>Analyse und Auswertung von \u00fcbertragbaren Krankheiten aus 52 EU-L\u00e4ndern<\/li>\n<li><a href=\"http:\/\/www.euro.who.int\/en\/health-topics\/communicable-diseases\/hivaids\" target=\"_blank\" rel=\"noopener noreferrer\"><strong>WHO\/Europe<\/strong><\/a><br \/>Regionalb\u00fcro der Weltgesundheitsorganisation f\u00fcr Europa<\/li>\n<\/ul>\n<p>[\/et_pb_text][\/et_pb_column][\/et_pb_row][\/et_pb_section][et_pb_section fb_built=&#8220;1&#8243; admin_label=&#8220;last&#8220; _builder_version=&#8220;4.16&#8243; background_color=&#8220;#3aaa35&#8243; global_colors_info=&#8220;{}&#8220;][et_pb_row column_structure=&#8220;3_5,2_5&#8243; _builder_version=&#8220;4.16&#8243; background_enable_color=&#8220;off&#8220; background_size=&#8220;initial&#8220; background_position=&#8220;top_left&#8220; background_repeat=&#8220;repeat&#8220; width_tablet=&#8220;&#8220; width_phone=&#8220;&#8220; width_last_edited=&#8220;on|desktop&#8220; global_colors_info=&#8220;{}&#8220;][et_pb_column type=&#8220;3_5&#8243; _builder_version=&#8220;4.16&#8243; custom_padding=&#8220;|||&#8220; global_colors_info=&#8220;{}&#8220; custom_padding__hover=&#8220;|||&#8220;][et_pb_button button_url=&#8220;https:\/\/www.jugendschutz-niedersachsen.de\/sexuelle-gesundheit\/sti-hiv-aids\/&#8220; button_text=&#8220;HIV und andere STI&#8220; button_alignment=&#8220;center&#8220; _builder_version=&#8220;4.16&#8243; custom_margin=&#8220;|2%|||false|false&#8220; global_colors_info=&#8220;{}&#8220;][\/et_pb_button][et_pb_button button_url=&#8220;https:\/\/www.jugendschutz-niedersachsen.de\/sexuelle-gesundheit\/sti-hiv-aids\/sti-kurzbeschreibungen\/&#8220; button_text=&#8220;Glossar&#8220; button_alignment=&#8220;center&#8220; admin_label=&#8220;Button&#8220; _builder_version=&#8220;4.16&#8243; custom_margin=&#8220;|2%|||false|false&#8220; global_colors_info=&#8220;{}&#8220;][\/et_pb_button][\/et_pb_column][et_pb_column type=&#8220;2_5&#8243; _builder_version=&#8220;4.16&#8243; custom_padding=&#8220;|||&#8220; global_colors_info=&#8220;{}&#8220; custom_padding__hover=&#8220;|||&#8220;][et_pb_team_member name=&#8220;Marja Rathert&#8220; position=&#8220;Die Autorin&#8220; image_url=&#8220;https:\/\/www.jugendschutz-niedersachsen.de\/sexges\/wp-content\/uploads\/sites\/12\/2020\/02\/marja_rathert.jpg&#8220; _builder_version=&#8220;4.16&#8243; header_text_color=&#8220;rgba(255,255,255,0.75)&#8220; header_font_size=&#8220;23px&#8220; body_font_size=&#8220;15px&#8220; body_line_height=&#8220;1.1em&#8220; position_font=&#8220;Roboto Condensed|600|||||||&#8220; position_text_color=&#8220;#ffffff&#8220; position_font_size=&#8220;17px&#8220; position_line_height=&#8220;1.2em&#8220; background_layout=&#8220;dark&#8220; module_alignment=&#8220;left&#8220; custom_margin=&#8220;|||2%|false|false&#8220; border_color_all=&#8220;#000000&#8243; border_radii_image=&#8220;on|50%|50%|50%|50%&#8220; border_width_all_image=&#8220;1px&#8220; border_color_all_image=&#8220;#000000&#8243; global_colors_info=&#8220;{}&#8220;]<\/p>\n<p>Freie Referentin interkulturelle Gesundheit | Koordinatorin internat. Projektmanagement | Dipl.-Sozialwirtin<\/p>\n<p>&nbsp;<\/p>\n<p>&nbsp;<\/p>\n<p>[\/et_pb_team_member][\/et_pb_column][\/et_pb_row][\/et_pb_section]<\/p>\n","protected":false},"excerpt":{"rendered":"<p>HIV und andere STI: Methoden | Materialien | Weiterbildung<\/p>\n","protected":false},"author":1,"featured_media":347,"parent":11,"menu_order":0,"comment_status":"closed","ping_status":"closed","template":"","meta":{"_et_pb_use_builder":"on","_et_pb_old_content":"<p><strong><u>Aktuelle Forschung - Zahlen, Daten, Fakten:<\/u><\/strong><\/p><p>Global und Europa<\/p><ul><li>UNAIDS - <a href=\"https:\/\/www.unaids.org\/\">https:\/\/www.unaids.org\/<\/a><\/li><li>WHO - <a href=\"https:\/\/www.who.int\/\">https:\/\/www.who.int\/<\/a><\/li><li>CDC - <a href=\"https:\/\/www.cdc.gov\/\">https:\/\/www.cdc.gov\/<\/a><\/li><li>AVERT - <a href=\"https:\/\/www.avert.org\/\">https:\/\/www.avert.org\/<\/a><\/li><li>Aidsmap - <a href=\"https:\/\/www.aidsmap.com\/\">https:\/\/www.aidsmap.com\/<\/a><\/li><li>ECDC - <a href=\"https:\/\/www.ecdc.europa.eu\/en\/hiv-infection-and-aids\">https:\/\/www.ecdc.europa.eu\/en\/<\/a><\/li><li>WHO\/Europe - <a href=\"http:\/\/www.euro.who.int\/en\/health-topics\/communicable-diseases\/hivaids\">http:\/\/www.euro.who.int\/<\/a><\/li><li>CIA World Factbook - <a href=\"https:\/\/www.cia.gov\/\">https:\/\/www.cia.gov\/<\/a><\/li><\/ul><p>Deutschland und Niedersachsen<\/p><ul><li>Robert Koch-Institut - <a href=\"https:\/\/www.rki.de\/\">https:\/\/www.rki.de\/<\/a><\/li><li>Deutsche STI-Gesellschaft - https:\/\/www.dstig.de\/<\/li><li>BZgA - <a href=\"https:\/\/www.bzga.de\/\">https:\/\/www.bzga.de\/<\/a><\/li><li>Liebesleben - <a href=\"https:\/\/www.liebesleben.de\/\">https:\/\/www.liebesleben.de\/<\/a><\/li><li>Deutsche AIDS-Hilfe - <a href=\"https:\/\/www.aidshilfe.de\/\">https:\/\/www.aidshilfe.de\/<\/a><\/li><li>Aidshilfe Niedersachsen - <a href=\"https:\/\/www.niedersachsen.aidshilfe.de\/\">https:\/\/www.niedersachsen.aidshilfe.de\/<\/a><\/li><\/ul><p><strong><u>Methoden, Materialien, Weiterbildung<\/u><\/strong><\/p><ul><li>BZgA - <a href=\"https:\/\/www.bzga.de\/\">https:\/\/www.bzga.de\/<\/a><\/li><li>Liebesleben - <a href=\"https:\/\/www.liebesleben.de\/\">https:\/\/www.liebesleben.de\/<\/a><\/li><li>Deutsche AIDS-Hilfe - <a href=\"https:\/\/www.aidshilfe.de\/\">https:\/\/www.aidshilfe.de\/<\/a><\/li><li>Pro Familia - <a href=\"https:\/\/www.profamilia.de\/\">https:\/\/www.profamilia.de\/<\/a><\/li><li>SCHLAU - <a href=\"https:\/\/schlau-nds.de\/\">https:\/\/schlau-nds.de\/<\/a><\/li><\/ul><p>\u00a0<\/p><p><strong>Glossar:<\/strong><\/p><ul><li>AIDS - Acquired Immunodeficiency Syndrome<\/li><li>HIV - Human Immunodeficiency Virus<\/li><li>STIs - Sexually Transmitted Infections<\/li><li>Youthwork - Die Arbeit mit Jugendlichen und jungen Erwachsenen<\/li><\/ul><p>\u00a0<\/p>","_et_gb_content_width":"","footnotes":""},"class_list":["post-13","page","type-page","status-publish","has-post-thumbnail","hentry"],"_links":{"self":[{"href":"https:\/\/www.jugendschutz-niedersachsen.de\/sexuelle-gesundheit\/wp-json\/wp\/v2\/pages\/13","targetHints":{"allow":["GET"]}}],"collection":[{"href":"https:\/\/www.jugendschutz-niedersachsen.de\/sexuelle-gesundheit\/wp-json\/wp\/v2\/pages"}],"about":[{"href":"https:\/\/www.jugendschutz-niedersachsen.de\/sexuelle-gesundheit\/wp-json\/wp\/v2\/types\/page"}],"author":[{"embeddable":true,"href":"https:\/\/www.jugendschutz-niedersachsen.de\/sexuelle-gesundheit\/wp-json\/wp\/v2\/users\/1"}],"replies":[{"embeddable":true,"href":"https:\/\/www.jugendschutz-niedersachsen.de\/sexuelle-gesundheit\/wp-json\/wp\/v2\/comments?post=13"}],"version-history":[{"count":56,"href":"https:\/\/www.jugendschutz-niedersachsen.de\/sexuelle-gesundheit\/wp-json\/wp\/v2\/pages\/13\/revisions"}],"predecessor-version":[{"id":1311,"href":"https:\/\/www.jugendschutz-niedersachsen.de\/sexuelle-gesundheit\/wp-json\/wp\/v2\/pages\/13\/revisions\/1311"}],"up":[{"embeddable":true,"href":"https:\/\/www.jugendschutz-niedersachsen.de\/sexuelle-gesundheit\/wp-json\/wp\/v2\/pages\/11"}],"wp:featuredmedia":[{"embeddable":true,"href":"https:\/\/www.jugendschutz-niedersachsen.de\/sexuelle-gesundheit\/wp-json\/wp\/v2\/media\/347"}],"wp:attachment":[{"href":"https:\/\/www.jugendschutz-niedersachsen.de\/sexuelle-gesundheit\/wp-json\/wp\/v2\/media?parent=13"}],"curies":[{"name":"wp","href":"https:\/\/api.w.org\/{rel}","templated":true}]}}