{"id":229,"date":"2023-03-02T12:07:09","date_gmt":"2023-03-02T11:07:09","guid":{"rendered":"https:\/\/www.jugendschutz-niedersachsen.de\/der-optimale-koerper\/?page_id=229"},"modified":"2025-11-06T09:56:00","modified_gmt":"2025-11-06T08:56:00","slug":"der-optimale-koerper-ein-gesundheitsparcours","status":"publish","type":"page","link":"https:\/\/www.jugendschutz-niedersachsen.de\/der-optimale-koerper\/der-optimale-koerper-ein-gesundheitsparcours\/","title":{"rendered":"Der optimale K\u00f6rper \u2013 ein Gesundheitsparcours"},"content":{"rendered":"<p><img loading=\"lazy\" decoding=\"async\" class=\"size-medium wp-image-230 aligncenter\" src=\"https:\/\/www.jugendschutz-niedersachsen.de\/der-optimale-koerper\/wp-content\/uploads\/sites\/9\/2023\/03\/LJS-Logo-Der-optimale-Koerper-Gesundheitsparcours-mittel-300x210.png\" alt=\"\" width=\"300\" height=\"210\" \/><strong>Der in Zusammenarbeit mit dem Landkreis Nienburg entwickelte Gesundheitsparcours besteht aus insgesamt 12 Stationen, die eine Auseinandersetzung mit verschiedenen Aspekten des Themas K\u00f6rperoptimierung erm\u00f6glichen. Die Stationen k\u00f6nnen sowohl einzeln bearbeitet als auch in beliebiger Kombination zu einem Pr\u00e4ventionsparcours zusammengestellt werden. Die Materialien richten sich an Jugendliche ab 14 Jahren, wobei eine altersentsprechende Anpassung f\u00fcr J\u00fcngere m\u00f6glich ist.<\/strong><\/p>\n<div id=\"attachment_238\" style=\"width: 310px\" class=\"wp-caption alignright\"><a href=\"https:\/\/islieb.de\"><img loading=\"lazy\" decoding=\"async\" aria-describedby=\"caption-attachment-238\" class=\"wp-image-238 size-medium\" src=\"https:\/\/www.jugendschutz-niedersachsen.de\/der-optimale-koerper\/wp-content\/uploads\/sites\/9\/2023\/03\/islieb-300x260.png\" alt=\"\" width=\"300\" height=\"260\" srcset=\"https:\/\/www.jugendschutz-niedersachsen.de\/der-optimale-koerper\/wp-content\/uploads\/sites\/9\/2023\/03\/islieb-300x260.png 300w, https:\/\/www.jugendschutz-niedersachsen.de\/der-optimale-koerper\/wp-content\/uploads\/sites\/9\/2023\/03\/islieb.png 393w\" sizes=\"(max-width: 300px) 100vw, 300px\" \/><\/a><p id=\"caption-attachment-238\" class=\"wp-caption-text\"><a href=\"https:\/\/islieb.de\" target=\"_blank\" rel=\"noopener\">https:\/\/islieb.de<\/a><\/p><\/div>\n<p>Der Gesundheitsparcours zielt darauf ab<\/p>\n<ul>\n<li>geltende Sch\u00f6nheitsideale zu erkennen und zu hinterfragen,<\/li>\n<li>verbreitete Zuschreibungen gegen\u00fcber bestimmten K\u00f6rperformen (bspw. dick=faul) kritisch zu hinterfragen und zu reflektieren,<\/li>\n<li>eigene Werte und Normen rund um das Thema K\u00f6rperoptimierung zu reflektieren,<\/li>\n<li>Hintergrundwissen bez\u00fcglich des Einflusses wirtschaftlicher Interessen auf geltende Sch\u00f6nheitsideale zu vermitteln,<\/li>\n<li>f\u00fcr den Unterschied von Selbst- und Fremdwahrnehmung zu sensibilisieren,<\/li>\n<li>die eigene K\u00f6rperwahrnehmung zu verbessern,<\/li>\n<li>die Selbstzufriedenheit zu f\u00f6rdern und<\/li>\n<li>alternative Sch\u00f6nheitsideale kennenzulernen und zu reflektieren.<\/li>\n<\/ul>\n<p>P\u00e4dagogische Fachkr\u00e4fte erhalten mit den Materialien die M\u00f6glichkeit, die Themen K\u00f6rperoptimierung &amp; Sch\u00f6nheitsideale in ihrer praktischen Arbeit aus unterschiedlichen Blickwinkeln zu beleuchten. Die Entscheidung in welchem Umfang mit den Stationen gearbeitet wird, treffen Sie selbst. Gern beraten wir Sie hinsichtlich praktischer Tipps zur Umsetzung.<\/p>\n<blockquote>\n<div class=\"elementToProof\"><b>Der Gesundheitsparcours wird derzeit aktualisiert und \u00fcberarbeitet.\u00a0<\/b><\/div>\n<div class=\"elementToProof\"><b>Voraussichtlich ab Herbst 2026 stehen die Materialien in einer neuen Version zur Verf\u00fcgung.\u00a0<\/b><\/div>\n<\/blockquote>\n<p>Eine Weitergabe oder Ver\u00f6ffentlichung der Materialien ist ohne unsere ausdr\u00fcckliche Erlaubnis nicht gestattet.<\/p>\n<hr \/>\n<p style=\"text-align: center;\">Bei Interesse melden Sie sich gerne:<br \/>\n<a href=\"mailto:dominika.lachowicz@jugendschutz-niedersachsen.de\">dominika.lachowicz@jugendschutz-niedersachsen.de<\/a>, Referentin f\u00fcr Suchtpr\u00e4vention<\/p>\n<p><img loading=\"lazy\" decoding=\"async\" class=\"aligncenter size-full wp-image-242\" src=\"https:\/\/www.jugendschutz-niedersachsen.de\/der-optimale-koerper\/wp-content\/uploads\/sites\/9\/2023\/03\/ljs_der-optimale-koerper_materialien.jpg\" alt=\"\" width=\"1500\" height=\"622\" srcset=\"https:\/\/www.jugendschutz-niedersachsen.de\/der-optimale-koerper\/wp-content\/uploads\/sites\/9\/2023\/03\/ljs_der-optimale-koerper_materialien.jpg 1500w, https:\/\/www.jugendschutz-niedersachsen.de\/der-optimale-koerper\/wp-content\/uploads\/sites\/9\/2023\/03\/ljs_der-optimale-koerper_materialien-1280x531.jpg 1280w, https:\/\/www.jugendschutz-niedersachsen.de\/der-optimale-koerper\/wp-content\/uploads\/sites\/9\/2023\/03\/ljs_der-optimale-koerper_materialien-980x406.jpg 980w, https:\/\/www.jugendschutz-niedersachsen.de\/der-optimale-koerper\/wp-content\/uploads\/sites\/9\/2023\/03\/ljs_der-optimale-koerper_materialien-480x199.jpg 480w\" sizes=\"(min-width: 0px) and (max-width: 480px) 480px, (min-width: 481px) and (max-width: 980px) 980px, (min-width: 981px) and (max-width: 1280px) 1280px, (min-width: 1281px) 1500px, 100vw\" \/><\/p>\n<p>&nbsp;<\/p>\n<p>&nbsp;<\/p>\n<p>&nbsp;<\/p>\n","protected":false},"excerpt":{"rendered":"<p>Der in Zusammenarbeit mit dem Landkreis Nienburg entwickelte Gesundheitsparcours besteht aus insgesamt 12 Stationen, die eine Auseinandersetzung mit verschiedenen Aspekten des Themas K\u00f6rperoptimierung erm\u00f6glichen. Die Stationen k\u00f6nnen sowohl einzeln bearbeitet als auch in beliebiger Kombination zu einem Pr\u00e4ventionsparcours zusammengestellt werden. Die Materialien richten sich an Jugendliche ab 14 Jahren, wobei eine altersentsprechende Anpassung f\u00fcr J\u00fcngere [&hellip;]<\/p>\n","protected":false},"author":1,"featured_media":230,"parent":0,"menu_order":0,"comment_status":"closed","ping_status":"closed","template":"","meta":{"_et_pb_use_builder":"","_et_pb_old_content":"","_et_gb_content_width":"","footnotes":""},"class_list":["post-229","page","type-page","status-publish","has-post-thumbnail","hentry"],"_links":{"self":[{"href":"https:\/\/www.jugendschutz-niedersachsen.de\/der-optimale-koerper\/wp-json\/wp\/v2\/pages\/229","targetHints":{"allow":["GET"]}}],"collection":[{"href":"https:\/\/www.jugendschutz-niedersachsen.de\/der-optimale-koerper\/wp-json\/wp\/v2\/pages"}],"about":[{"href":"https:\/\/www.jugendschutz-niedersachsen.de\/der-optimale-koerper\/wp-json\/wp\/v2\/types\/page"}],"author":[{"embeddable":true,"href":"https:\/\/www.jugendschutz-niedersachsen.de\/der-optimale-koerper\/wp-json\/wp\/v2\/users\/1"}],"replies":[{"embeddable":true,"href":"https:\/\/www.jugendschutz-niedersachsen.de\/der-optimale-koerper\/wp-json\/wp\/v2\/comments?post=229"}],"version-history":[{"count":14,"href":"https:\/\/www.jugendschutz-niedersachsen.de\/der-optimale-koerper\/wp-json\/wp\/v2\/pages\/229\/revisions"}],"predecessor-version":[{"id":313,"href":"https:\/\/www.jugendschutz-niedersachsen.de\/der-optimale-koerper\/wp-json\/wp\/v2\/pages\/229\/revisions\/313"}],"wp:featuredmedia":[{"embeddable":true,"href":"https:\/\/www.jugendschutz-niedersachsen.de\/der-optimale-koerper\/wp-json\/wp\/v2\/media\/230"}],"wp:attachment":[{"href":"https:\/\/www.jugendschutz-niedersachsen.de\/der-optimale-koerper\/wp-json\/wp\/v2\/media?parent=229"}],"curies":[{"name":"wp","href":"https:\/\/api.w.org\/{rel}","templated":true}]}}

Der optimale Körper – ein Gesundheitsparcours

<p><img loading="lazy" decoding="async" class="size-medium wp-image-230 aligncenter" src="https://www.jugendschutz-niedersachsen.de/der-optimale-koerper/wp-content/uploads/sites/9/2023/03/LJS-Logo-Der-optimale-Koerper-Gesundheitsparcours-mittel-300x210.png" alt="" width="300" height="210" /><strong>Der in Zusammenarbeit mit dem Landkreis Nienburg entwickelte Gesundheitsparcours besteht aus insgesamt 12 Stationen, die eine Auseinandersetzung mit verschiedenen Aspekten des Themas Körperoptimierung ermöglichen. Die Stationen können sowohl einzeln bearbeitet als auch in beliebiger Kombination zu einem Präventionsparcours zusammengestellt werden. Die Materialien richten sich an Jugendliche ab 14 Jahren, wobei eine altersentsprechende Anpassung für Jüngere möglich ist.</strong></p>
<div id="attachment_238" style="width: 310px" class="wp-caption alignright"><a href="https://islieb.de"><img loading="lazy" decoding="async" aria-describedby="caption-attachment-238" class="wp-image-238 size-medium" src="https://www.jugendschutz-niedersachsen.de/der-optimale-koerper/wp-content/uploads/sites/9/2023/03/islieb-300x260.png" alt="" width="300" height="260" srcset="https://www.jugendschutz-niedersachsen.de/der-optimale-koerper/wp-content/uploads/sites/9/2023/03/islieb-300x260.png 300w, https://www.jugendschutz-niedersachsen.de/der-optimale-koerper/wp-content/uploads/sites/9/2023/03/islieb.png 393w" sizes="(max-width: 300px) 100vw, 300px" /></a><p id="caption-attachment-238" class="wp-caption-text"><a href="https://islieb.de" target="_blank" rel="noopener">https://islieb.de</a></p></div>
<p>Der Gesundheitsparcours zielt darauf ab</p>
<ul>
<li>geltende Schönheitsideale zu erkennen und zu hinterfragen,</li>
<li>verbreitete Zuschreibungen gegenüber bestimmten Körperformen (bspw. dick=faul) kritisch zu hinterfragen und zu reflektieren,</li>
<li>eigene Werte und Normen rund um das Thema Körperoptimierung zu reflektieren,</li>
<li>Hintergrundwissen bezüglich des Einflusses wirtschaftlicher Interessen auf geltende Schönheitsideale zu vermitteln,</li>
<li>für den Unterschied von Selbst- und Fremdwahrnehmung zu sensibilisieren,</li>
<li>die eigene Körperwahrnehmung zu verbessern,</li>
<li>die Selbstzufriedenheit zu fördern und</li>
<li>alternative Schönheitsideale kennenzulernen und zu reflektieren.</li>
</ul>
<p>Pädagogische Fachkräfte erhalten mit den Materialien die Möglichkeit, die Themen Körperoptimierung &amp; Schönheitsideale in ihrer praktischen Arbeit aus unterschiedlichen Blickwinkeln zu beleuchten. Die Entscheidung in welchem Umfang mit den Stationen gearbeitet wird, treffen Sie selbst. Gern beraten wir Sie hinsichtlich praktischer Tipps zur Umsetzung.</p>
<blockquote>
<div class="elementToProof"><b>Der Gesundheitsparcours wird derzeit aktualisiert und überarbeitet. </b></div>
<div class="elementToProof"><b>Voraussichtlich ab Herbst 2026 stehen die Materialien in einer neuen Version zur Verfügung. </b></div>
</blockquote>
<p>Eine Weitergabe oder Veröffentlichung der Materialien ist ohne unsere ausdrückliche Erlaubnis nicht gestattet.</p>
<hr />
<p style="text-align: center;">Bei Interesse melden Sie sich gerne:<br />
<a href="mailto:dominika.lachowicz@jugendschutz-niedersachsen.de">dominika.lachowicz@jugendschutz-niedersachsen.de</a>, Referentin für Suchtprävention</p>
<p><img loading="lazy" decoding="async" class="aligncenter size-full wp-image-242" src="https://www.jugendschutz-niedersachsen.de/der-optimale-koerper/wp-content/uploads/sites/9/2023/03/ljs_der-optimale-koerper_materialien.jpg" alt="" width="1500" height="622" srcset="https://www.jugendschutz-niedersachsen.de/der-optimale-koerper/wp-content/uploads/sites/9/2023/03/ljs_der-optimale-koerper_materialien.jpg 1500w, https://www.jugendschutz-niedersachsen.de/der-optimale-koerper/wp-content/uploads/sites/9/2023/03/ljs_der-optimale-koerper_materialien-1280x531.jpg 1280w, https://www.jugendschutz-niedersachsen.de/der-optimale-koerper/wp-content/uploads/sites/9/2023/03/ljs_der-optimale-koerper_materialien-980x406.jpg 980w, https://www.jugendschutz-niedersachsen.de/der-optimale-koerper/wp-content/uploads/sites/9/2023/03/ljs_der-optimale-koerper_materialien-480x199.jpg 480w" sizes="(min-width: 0px) and (max-width: 480px) 480px, (min-width: 481px) and (max-width: 980px) 980px, (min-width: 981px) and (max-width: 1280px) 1280px, (min-width: 1281px) 1500px, 100vw" /></p>
<p>&nbsp;</p>
<p>&nbsp;</p>
<p>&nbsp;</p>

<p>Der in Zusammenarbeit mit dem Landkreis Nienburg entwickelte Gesundheitsparcours besteht aus insgesamt 12 Stationen, die eine Auseinandersetzung mit verschiedenen Aspekten des Themas Körperoptimierung ermöglichen. Die Stationen können sowohl einzeln bearbeitet als auch in beliebiger Kombination zu einem Präventionsparcours zusammengestellt werden. Die Materialien richten sich an Jugendliche ab 14 Jahren, wobei eine altersentsprechende Anpassung für Jüngere [&hellip;]</p>
